 1204?
False
Is 30 a factor of 21554370?
True
Does 1128 divide 1109977391?
False
Is 51481412 a multiple of 3404?
False
Is 646 a factor of 1188762740?
True
Is 79037025 a multiple of 9?
False
Is 118329 a multiple of 2?
False
Does 5395 divide 174323240?
True
Does 188 divide 411487092?
False
Is 44 a factor of 31939160?
True
Is 61718037 a multiple of 3?
True
Is 17 a factor of 108217157?
False
Is 183 a factor of 208909888?
False
Is 480368295 a multiple of 11?
True
Is 103 a factor of 66952369?
True
Is 745 a factor of 1780209?
False
Does 68 divide 4139121?
False
Is 108218412 a multiple of 18?
True
Is 48105364 a multiple of 34?
False
Is 1260 a factor of 122000253?
False
Does 6 divide 270436332?
True
Does 4 divide 1514832?
True
Does 131 divide 642948?
True
Does 27 divide 2763768060?
True
Does 169 divide 969458022?
True
Does 10 divide 1160241020?
True
Is 23398062 a multiple of 39?
False
Is 317 a factor of 63421673?
False
Does 2110 divide 1505132630?
True
Is 2835 a factor of 1187280990?
True
Is 8 a factor of 112299848?
True
Is 177 a factor of 1172797193?
False
Does 53 divide 22968246?
False
Does 140 divide 311248937?
False
Is 4886153767 a multiple of 47?
False
Does 686 divide 79514193?
False
Is 285 a factor of 106208670?
True
Is 17121159 a multiple of 11?
True
Does 26 divide 3516878820?
True
Is 1071 a factor of 359713179?
False
Is 15 a factor of 22013505?
True
Is 1049321457 a multiple of 3476?
False
Does 5 divide 19074389?
False
Does 10 divide 3892656?
False
Is 58480838 a multiple of 9?
False
Is 20099915 a multiple of 32?
False
Is 1104102 a multiple of 17?
False
Is 871334227 a multiple of 2480?
False
Does 10 divide 1990367?
False
Is 6 a factor of 72283404?
True
Does 299 divide 109877648?
False
Does 9 divide 68912559?
True
Does 83 divide 169182318?
False
Is 75 a factor of 18823085?
False
Is 72 a factor of 509556960?
True
Is 100 a factor of 9827800?
True
Does 7437 divide 275615220?
True
Is 4320713906 a multiple of 31?
False
Is 26 a factor of 92045485?
False
Does 1008 divide 290135060?
False
Is 13 a factor of 2357922599?
False
Is 18 a factor of 903563950?
False
Is 2169365 a multiple of 5?
True
Does 325 divide 77316525?
True
Is 29553170 a multiple of 190?
True
Is 2 a factor of 9711655?
False
Is 32479530 a multiple of 2118?
True
Is 9804 a factor of 1735107664?
False
Is 29030257 a multiple of 97?
True
Does 348 divide 200956400?
False
Is 28 a factor of 10032736?
True
Is 924 a factor of 113424068?
False
Is 186707916 a multiple of 62?
True
Is 10432882 a multiple of 142?
True
Is 336526202 a multiple of 90?
False
Does 5 divide 34098637?
False
Does 14 divide 362448844?
False
Is 142673512 a multiple of 9046?
True
Is 697256291 a multiple of 61?
True
Does 20 divide 118989616?
False
Is 9618807 a multiple of 30?
False
Is 51227352 a multiple of 264?
True
Is 3 a factor of 224990628?
True
Is 11879709 a multiple of 1109?
False
Does 23 divide 1405343148?
True
Is 10 a factor of 1064491460?
True
Is 449245173 a multiple of 2?
False
Does 4129 divide 141343928?
True
Is 347220503 a multiple of 16?
False
Is 1555076950 a multiple of 974?
False
Does 173 divide 35245117?
True
Does 57 divide 70766640?
True
Is 5788 a factor of 1525496331?
False
Does 4 divide 126533248?
True
Is 89922171 a multiple of 1939?
False
Is 549 a factor of 15519823?
False
Is 74 a factor of 1720209587?
False
Does 22 divide 18435978?
True
Is 23428598 a multiple of 4?
False
Is 13752289 a multiple of 125?
False
Does 2 divide 16511575?
False
Is 49 a factor of 151868823?
False
Does 165 divide 5267978760?
True
Is 88812540 a multiple of 6?
True
Is 194 a factor of 56140496?
True
Is 31 a factor of 38991862?
True
Is 3666 a factor of 80184992?
False
Is 4 a factor of 240617250?
False
Is 27 a factor of 17213159?
False
Does 10 divide 14932034?
False
Is 1415637378 a multiple of 29?
True
Is 104 a factor of 832955991?
False
Is 233 a factor of 1964344379?
False
Is 9484800 a multiple of 80?
True
Is 3257 a factor of 878346363?
False
Does 44 divide 393183340?
True
Does 67 divide 28715407?
False
Is 1802 a factor of 44359470?
False
Does 260 divide 83944120?
True
Is 119201478 a multiple of 1254?
True
Does 1156 divide 666785424?
True
Is 10 a factor of 51948970?
True
Is 87 a factor of 302337267?
True
Is 109389588 a multiple of 462?
True
Is 287 a factor of 2127603688?
False
Is 42 a factor of 119606834?
False
Does 2396 divide 230685462?
False
Does 2084 divide 345931496?
True
Is 33232650 a multiple of 1210?
True
Is 173594872 a multiple of 170?
False
Is 46980290 a multiple of 7?
True
Is 543 a factor of 2605809?
False
Does 1718 divide 250544530?
True
Is 15099311 a multiple of 8?
False
Does 100 divide 66782500?
True
Is 149 a factor of 19386539?
True
Is 774310719 a multiple of 7?
True
Does 4174 divide 426023484?
True
Does 843 divide 96717345?
False
Is 406 a factor of 28806106?
True
Is 7276797 a multiple of 27?
True
Is 1557 a factor of 144721593?
True
Does 374 divide 376642863?
False
Does 3649 divide 356178890?
True
Is 699271405 a multiple of 7822?
False
Is 2936 a factor of 29092879?
False
Does 12 divide 138824412?
True
Is 254 a factor of 75032362?
True
Does 21 divide 37925328?
True
Is 47029539 a multiple of 12?
False
Is 561753563 a multiple of 19?
True
Does 307 divide 2326722914?
True
Is 39 a factor of 55643832?
False
Is 204 a factor of 247497035?
False
Does 5 divide 40837259?
False
Is 44 a factor of 424307532?
True
Is 54833588 a multiple of 20?
False
Is 142067684 a multiple of 74?
False
Is 29 a factor of 307370062?
False
Does 20 divide 326754?
False
Is 280991574 a multiple of 18?
True
Is 38 a factor of 95015960?
True
Is 18080746 a multiple of 58?
True
Does 4150 divide 423602950?
True
Is 1166669393 a multiple of 314?
False
Does 13 divide 10112983?
False
Is 5 a factor of 22825284?
False
Is 14 a factor of 206407796?
True
Is 323 a factor of 135009058?
False
Is 8318426 a multiple of 478?
False
Does 462 divide 740160749?
False
Is 140773366 a multiple of 1475?
False
Does 981 divide 4635202110?
False
Does 510 divide 19900200?
True
Is 7765154 a multiple of 11?
False
Is 13 a factor of 1463150?
True
Does 14 divide 183321?
False
Is 1290160620 a multiple of 414?
True
Does 60 divide 11644423?
False
Does 35 divide 757124323?
False
Is 44715312 a multiple of 1656?
True
Does 104 divide 171388672?
True
Does 258 divide 7077714?
True
Is 1605 a factor of 506074477?
False
Is 236059852 a multiple of 1813?
True
Does 109 divide 46677004?
False
Is 483581552 a multiple of 16?
True
Does 140 divide 113797920?
False
Is 51 a factor of 7324099?
False
Is 281 a factor of 4442386773?
False
Is 15 a factor of 53153160?
True
Is 326 a factor of 371833644?
True
Does 263 divide 164569883?
True
Is 1541608192 a multiple of 44?
False
Does 10 divide 88793920?
True
Is 431 a factor of 415506309?
False
Is 77554918 a multiple of 63?
False
Is 15 a factor of 369638640?
True
Does 8 divide 105913392?
True
Is 3 a factor of 219357572?
False
Does 60 divide 8912679?
False
Is 50 a factor of 11996450?
True
Does 4845 divide 1713865455?
True
Is 42136319 a multiple of 536?
False
Is 10 a factor of 940715?
False
Does 323 divide 22228214?
True
Is 1278 a factor of 2407645926?
True
Is 166810101 a multiple of 2?
False
Is 8515953 a multiple of 59?
False
Is 7133940 a multiple of 90?
True
Is 180559809 a multiple of 382?
False
Is 54 a factor of 1790163542?
False
Is 930 a factor of 1048005328?
False
Is 6 a factor of 38180781?
False
Does 775 divide 93989675?
True
Does 11 divide 3160486191?
False
Is 357232295 a multiple of 19?
False
Is 2173 a factor of 184613869?
False
Does 2454 divide 257336256?
True
Is 305396830 a multiple of 10?
True
Does 58 divide 239945976?
False
Is 16 a factor of 222405119?
False
Is 25 a factor of 520822110?
False
Does 2307 divide 938374532?
False
Is 132410298 a multiple of 3442?
True
Does 1373 divide 46407252?
False
Does 21 divide 132219108?
True
Is 422 a factor of 4311152?
True
Is 28 a factor of 96499200?
True
Does 129 divide 92622?
True
Is 12850992 a multiple of 33?
True
Does 362 divide 295571446?
False
Is 9885383 a multiple of 27?
False
Is 529 a factor of 1502377574?
False
Is 317 a factor of 10296794?
True
Is 152127040 a multiple of 260?
True
Is 551 a factor of 239841803?
False
Does 52 divide 291705779?
False
Does 123 divide 17136606?
True
Is 1448 a factor of 5198057?
False
Is 283507109 a m